25*q**2 + 893*q + 1303. Calculate v(5).
143
Let i(j) = -2*j**3 - 64*j**2 + 483*j - 196. What is i(6)?
-34
Let o(t) = 6569*t - 78770. Calculate o(12).
58
Let y(x) = -10*x**2 + 666*x - 3896. What is y(6)?
-260
Let r(n) = 51*n**2 + 4390*n - 3879. What is r(-87)?
210
Let d(k) = 3075*k - 17489. What is d(6)?
961
Let h(j) = -61*j**2 + 18157*j + 6235. Give h(298).
-23
Let c(a) = -a**2 + 14283*a + 501118. Give c(-35).
-12
Let r(h) = 1884*h - 50252. What is r(27)?
616
Let u(r) = r**2 - 1431*r + 1443. Give u(0).
1443
Let s(h) = -485*h + 34905. Give s(72).
-15
Let h(l) = -226*l**2 + 15146*l - 125. Calculate h(67).
143
Let x(b) = -62789*b + 3390599. What is x(54)?
-7
Let q(o) = -18*o**2 + 8990*o - 30742. Give q(496).
10
Let p(d) = -119949*d - 6117468. What is p(-51)?
-69
Let g(i) = -7694*i - 1777303. What is g(-231)?
11
Let g(k) = 8472*k - 76276. Give g(9).
-28
Let b(r) = 81344*r + 5531385. What is b(-68)?
-7
Let s(i) = 14563*i + 43562. Determine s(-3).
-127
Let j(c) = -c**3 + 61*c**2 + 845. What is j(61)?
845
Let p(v) = -v**3 + 89*v**2 - 1393*v + 906. Give p(69).
9
Let g(h) = h**3 + 118*h**2 + 2311*h - 1298. Determine g(-93).
4
Let g(v) = -14*v**2 - 22*v + 127. Calculate g(4).
-185
Let w(x) = 15386*x + 123082. Calculate w(-8).
-6
Let m(u) = 149*u**3 + 17*u**2 - 25*u + 7. Give m(1).
148
Let w(c) = -8*c**3 - 582*c**2 + 235*c + 6569. Determine w(-73).
72
Let p(i) = -436*i - 5902. Determine p(-14).
202
Let d(x) = -x**3 - 31*x**2 - 55*x - 3004. Determine d(-31).
-1299
Let q(d) = 1389*d + 495966. Give q(-357).
93
Let z(b) = -18508*b + 18515. Calculate z(1).
7
Let m(g) = 696*g**2 - 68222*g + 1378. Calculate m(98).
6
Let n(z) = -283*z + 27972. Calculate n(103).
-1177
Let p(n) = -1362371*n - 8174255. Determine p(-6).
-29
Let u(v) = 119467*v + 15650173. Give u(-131).
-4
Let b(r) = -2*r**2 + 145*r - 3643. Calculate b(65).
-2668
Let n(b) = -904*b - 3600. Give n(-4).
16
Let x(j) = 5*j**2 - 42*j + 47. What is x(15)?
542
Let n(q) = -q**3 - 23*q**2 - 1239*q - 7911. Calculate n(-7).
-22
Let l(a) = -a**2 - 19203*a + 5850902. Calculate l(300).
2
Let x(y) = y**3 + 23*y**2 + 5*y - 30. Determine x(-10).
1220
Let y(m) = -3113*m + 56582. Give y(18).
548
Let x(h) = -10*h**3 - 5*h**2 - 29*h - 47. Calculate x(-2).
71
Let y(c) = -1290*c + 58100. Determine y(45).
50
Let f(q) = 480*q - 83499. Give f(174).
21
Let a(c) = -c**2 - 105619*c + 2641111. Calculate a(25).
11
Let w(d) = 137873*d + 1102967. Determine w(-8).
-17
Let h(f) = -12925*f - 62831. Determine h(-5).
1794
Let r(w) = -65*w - 1553. What is r(-35)?
722
Let b(p) = p**3 - 28*p**2 - 1766*p + 53109. Calculate b(34).
1
Let w(v) = 492*v - 17765. Determine w(47).
5359
Let o(p) = -1771*p + 31536. Calculate o(18).
-342
Let f(q) = -q**3 + 377*q**2 - 36*q + 13522. What is f(377)?
-50
Let z(w) = -10*w**2 - 1122*w - 2228. Give z(-2).
-24
Let r(j) = 94*j**2 + 3843*j - 391. Calculate r(-41).
60
Let f(g) = 2444*g - 146613. What is f(60)?
27
Let w(r) = 2*r**3 - 214*r**2 - 448*r + 1567. What is w(109)?
259
Let j(p) = 3010957*p + 1. Give j(0).
1
Let p(d) = d**3 - 8*d**2 - 6677*d - 6669. What is p(-1)?
-1
Let s(m) = 2*m**2 + 527*m - 3208. Determine s(6).
26
Let d(q) = 9*q**3 - 1442*q**2 + 338*q - 2835. What is d(160)?
45
Let g(b) = -580*b - 16124. What is g(-35)?
4176
Let m(r) = r**3 + 51*r**2 + 59*r + 148. What is m(-14)?
6574
Let q(o) = -376*o**2 - 4502*o + 42. Calculate q(-12).
-78
Let s(k) = 5804*k - 232182. Determine s(40).
-22
Let n(z) = 8*z**2 + 391*z - 2742. Calculate n(7).
387
Let o(m) = -15*m**2 + 1867*m - 247. Calculate o(0).
-247
Let t(g) = -g**3 + 30*g**2 - 53*g + 11. Determine t(28).
95
Let m(o) = -o**2 + 1192*o - 53797. Determine m(47).
18
Let g(w) = -562*w**2 - 16854*w + 203. Give g(-30).
23
Let q(b) = -2*b**2 + 61*b - 29. Give q(12).
415
Let h(x) = 20275*x - 304195. What is h(15)?
-70
Let u(f) = -2*f**2 - 2975*f - 553479. Determine u(-218).
23
Let z(r) = 31*r**2 - 3969*r + 160. What is z(128)?
32
Let t(q) = 11*q**2 + 168*q + 334. Give t(-13).
9
Let m(y) = y**3 + 8*y**2 - 4324*y + 12875. Determine m(3).
2
Let z(k) = k**3 + 429*k**2 - 560*k - 55878. Determine z(-430).
22
Let i(h) = -h**2 + 146*h - 284. Calculate i(2).
4
Let o(s) = 9*s**2 + 2*s - 413. Give o(6).
-77
Let x(h) = 19*h + 2157. Calculate x(-80).
637
Let u(d) = -33812*d - 5. Determine u(0).
-5
Let z(m) = m**3 - 125*m**2 + 1256*m - 203. What is z(114)?
25
Let z(q) = -10423*q + 458460. Calculate z(44).
-152
Let y(z) = -z**3 - 145*z**2 + 17342*z + 2510625. Calculate y(-146).
9
Let c(v) = 53115*v + 2496385. What is c(-47)?
-20
Let z(a) = a**3 + 20*a**2 - 177*a + 102. Determine z(6).
-24
Let b(z) = -z**2 - 152*z - 4865. Determine b(-49).
182
Let p(l) = -44*l**2 - 385*l - 1896. Determine p(-5).
-1071
Let h(o) = -210*o + 4125. Give h(22).
-495
Let r(g) = -8*g**3 + 20*g**2 + g - 25. Determine r(3).
-58
Let d(t) = -25*t**3 - 885*t**2 - 345*t + 159. What is d(-35)?
-16
Let y(v) = 922*v**2 - 9223*v + 17. Determine y(10).
-13
Let z(w) = -158*w**2 + 1890*w + 163. Determine z(12).
91
Let s(r) = r**3 + 58*r**2 - 19*r + 6046. Give s(-60).
-14
Let m(s) = 180*s**2 - 1357*s + 2288. Give m(5).
3
Let a(i) = 29*i**2 + 62*i - 218. Calculate a(3).
229
Let i(f) = -547*f**3 - 543*f**2 - 35*f - 37. What is i(-1)?
2
Let d(z) = -2898*z**2 - 89828*z + 75. What is d(-31)?
-235
Let y(z) = 1407*z + 18093. Determine y(-13).
-198
Let n(y) = -y**3 + 24*y**2 + 468*y - 11295. What is n(23)?
-2
Let u(f) = -22381*f - 1298101. Calculate u(-58).
-3
Let c(l) = 2*l**2 + 50*l + 360. Give c(-37).
1248
Let w(d) = -6*d**3 - 6*d**2 + 239*d - 919. Give w(4).
-443
Let q(o) = o**3 + 26*o**2 - 391*o - 9772. Determine q(-27).
56
Let w(k) = -k**2 + 1094*k + 301418. Give w(-228).
2
Let g(y) = y**3 + 30*y**2 + 230*y - 1969. Give g(9).
3260
Let l(p) = -8781*p + 4592485. Determine l(523).
22
Let x(c) = -178337*c - 1426694. What is x(-8)?
2
Let v(t) = -818*t + 46743. Calculate v(57).
117
Let x(p) = -p**3 + 171*p**2 + 2885*p + 10933. Give x(-6).
-5
Let v(n) = 2*n**3 + 66*n**2 - 17*n + 4510. Determine v(-35).
205
Let d(u) = -2*u**3 + 316*u**2 + 619*u + 3563. What is d(160)?
203
Let s(w) = w**3 + 217*w**2 - 418*w + 4406. Calculate s(-219).
26
Let x(o) = -3981*o + 22078. Determine x(6).
-1808
Let f(c) = 5472*c**2 - 43777*c - 24. Determine f(8).
-32
Let f(v) = 2*v**2 - 294*v + 10829. Give f(80).
109
Let i(g) = -5643*g**2 + 62082*g - 4. Calculate i(11).
95
Let f(o) = -o**3 - 24*o**2 + 2019*o + 38913. Calculate f(-49).
7
Let j(h) = h**2 - 275*h - 24306. Give j(-70).
-156
Let h(w) = -19*w**3 + 126*w**2 - 392*w - 6. Determine h(3).
-561
Let g(m) = -27851*m + 111420. Determine g(4).
16
Let v(k) = -4*k**2 + 167*k + 2221. What is v(50)?
571
Let v(j) = 1795*j - 350024. Give v(195).
1
Let w(f) = 75*f**2 + 2543*f + 2255. Determine w(-33).
11
Let k(p) = -p**2 - 18583*p - 1774753. Calculate k(-96).
-1
Let k(j) = -j**2 + 486*j + 3444. Determine k(-7).
-7
Let x(g) = 53*g**2 + 4191*g + 438. Give x(-79).
122
Let d(b) = -b**3 + 15*b**2 + 33*b + 72. Determine d(19).
-745
Let g(c) = -2083*c - 4930. Determine g(0).
-4930
Let m(h) = -2*h**3 - 233*h**2 - 927*h - 132. Calculate m(-4).
-24
Let b(m) = -1622*m**2 + 4357*m + 1530. Determine b(3).
3
Let p(s) = -s**3 - 2*s**2 + 496*s + 1620. Calculate p(-22).
388
Let r(f) = -3207*f - 13106. What is r(-4)?
-278
Let d(x) = 7*x**3 + x**2 + 25*x - 35. Calculate d(6).
1663
Let b(t) = 1076*t - 185179. Calculate b(173).
969
Let t(f) = 2*f**2 + 827*f + 75492. Give t(-136).
12
Let l(q) = -3577*q - 203913. Calculate l(-57).
-24
Let l(c) = c**3 - 8*c**2 + 36*c - 72. Determine l(9).
333
Let u(z) = 4*z**2 - 168*z - 3952. Determine u(-17).
60
Let h(u) = 4*u**2 + 1635*u + 79020. Determine h(-56).
4
Let p(w) = 31*w**2 - 202*w - 26. Determine p(7).
79
Let k(y) = 7*y**3 + 186*y**2 + 837*y + 157. Determine k(-21).
-221
Let t(j) = -6*j**3 + 785*j**2 + 132*j - 181. What is t(131)?
-50
Let r(s) = -2308*s - 21386. Calculate r(-9).
-614
Let y(s) = 52*s**2 + 5617*s + 121716. Give y(-30).
6
Let j(p) = -p**3 - 81*p**2 - 1177*p + 19788. Calculate j(-47).
1
Let d(v) = -695*v + 7811. Determine d(13).
-1224
Let g(c) = c**2 + 25611*c + 255979. What is g(-10)?
-31
Let a(y) = -y**2 - 164*y - 3178. Give a(-143).
-175
Let q(d) = 15158*d - 15160. What is q(1)?
-2
Let n(i) = -3245*i + 19868. Give n(5).
3643
Let p(i) = -49*i**3 - i**2 + 791*i + 